 80 = 0. Calculate the highest common divisor of 184 and k.
8
Let l(a) = -4*a - 12. Let m be l(-7). What is the greatest common factor of 4 and m?
4
Let k be (-6)/(-9) + ((-320)/(-6) - 1). Calculate the highest common divisor of 530 and k.
53
Let o be (-43)/(-2) + (-6 - 39/(-6)). Let g = 7 + -5. Calculate the greatest common divisor of o and g.
2
Suppose -4*i + 2*j = -i - 7, 4*j = -3*i - 5. What is the highest common factor of i and 8?
1
Suppose -66 = -10*d + 4*d. Suppose d*j = 6*j + 150. Calculate the highest common divisor of 180 and j.
30
Let w = -26 - -28. Let j be (1 + 2)*w/6. Calculate the greatest common divisor of 1 and j.
1
Suppose 3*l - 52 - 40 = 4*w, -2*w - 60 = -2*l. Let v be (644/115)/(8/160). What is the greatest common divisor of l and v?
28
Let y(n) = -n**3 + 8*n**2 - 6*n + 8. Let w be y(7). Let d be 2/4*128/(-8). Let l be 112/18 - d/(-36). Calculate the greatest common divisor of w and l.
3
Let t = 320 + -167. Let k be ((-153)/24 - -6)/(50/(-48) - -1). Calculate the highest common divisor of k and t.
9
Suppose 32*p + 28*p - 629 = -209. Let q be (98/8)/(2/8). What is the greatest common divisor of q and p?
7
Let a(f) = 2*f**2 + 4*f + 2. Let y be a(-2). Let h = 36 - -6. Suppose 2*b + h = 5*b. Calculate the greatest common factor of b and y.
2
Suppose -17*i - 4480 = -45*i. Calculate the greatest common factor of 50 and i.
10
Let v = 26 + 90. What is the highest common divisor of 754 and v?
58
Let o = -367 - -403. What is the highest common factor of o and 72?
36
Suppose -6*r = -552 - 324. Suppose -3*q = 5*x - 87 - 55, -4*q = 5*x - r. What is the highest common divisor of x and 13?
13
Suppose 106 = 6*z - 176. Let h = -73 + 308. Calculate the highest common factor of z and h.
47
Let s = 163 - 103. Suppose 10*r - 20 = 5*r, -4*r - 2 = -3*a. Calculate the greatest common factor of a and s.
6
Let t be ((-28)/(-8) + -3)*20/2. Suppose -m + 0*l + 6 = l, 0 = -3*m - l + 14. Suppose 5*x - 5 = m*x. Calculate the highest common factor of x and t.
5
Suppose 5*o + 3 = -27. Let q be (-18)/(-4) + o/4. Suppose 0 = -q*c + 4*c - 182. Calculate the greatest common factor of 26 and c.
26
Let g = 2 + 1. Suppose -v = -y + 2*v + 27, g = 3*v. Let h = 103 - 88. What is the highest common factor of y and h?
15
Let g be (-2)/(-5) + 39/15. Suppose -g*p + 2*k + 3 = -k, 2*p = -3*k + 7. Let b be 6 - 3 - (p + -9). Calculate the highest common divisor of b and 5.
5
Suppose -544 = -94*t + 86*t. What is the greatest common factor of t and 323?
17
Let x(a) = 3*a**2 + 2*a - 5. Let y be x(4). Let w be -2 - -4 - 7/(-7). Suppose 7*p - 68 = w*p. Calculate the highest common divisor of y and p.
17
Let p = 828 + -564. Suppose -147*v - 143*v = -303*v + 429. What is the highest common divisor of v and p?
33
Let w = 14 + 19. Suppose -2*g + 15 = -2*h + 3*g, 10 = -3*h + 5*g. Let z(x) = x**2 - 3*x + 1. Let d be z(h). Calculate the greatest common divisor of w and d.
11
Let m = -7 - -13. Let x = -493 + 595. Calculate the greatest common divisor of m and x.
6
Let w = -784 + 2226. What is the highest common factor of 14 and w?
14
Suppose 111 - 291 = -3*o. Let m be 3 - o/25 - (-117)/5. What is the greatest common factor of 48 and m?
24
Suppose -v = -4*t + 343, 11 = -3*v + 2. What is the greatest common divisor of t and 5?
5
Suppose -50 = -35*b + 30*b. Let m be (48/32)/((-3)/(-100)). What is the greatest common divisor of m and b?
10
Let v(j) = -j + 700. Let r be v(0). What is the highest common factor of 28 and r?
28
Let b = 59 - 58. What is the highest common factor of 53 and b?
1
Let m(q) = q**3 - 2*q**2 - 35*q + 5. Let u be m(-5). What is the highest common divisor of 5 and u?
5
Suppose t - 42 = -3*q - 0*q, 5*t + 42 = 3*q. Suppose 0*s + 210 = 3*s. Calculate the greatest common factor of s and q.
14
Suppose -25*q + 28*q = 9. Let x(f) = f**3 - 9*f**2 + 2*f - 9. Let d be x(9). Calculate the greatest common divisor of d and q.
3
Let j(a) = a - 5. Let c be j(9). Let d = 0 + 4. Let z(g) = 2*g + 4. Let r be z(d). What is the greatest common divisor of r and c?
4
Let p(n) = 123*n - 309. Let q be p(3). Suppose -2*k + k + 12 = 0. What is the highest common divisor of q and k?
12
Let q(l) = l**2 + 82*l + 1118. Let p be q(-17). Let t = -139 + 230. Calculate the greatest common factor of p and t.
13
Let c = 11355 + -11343. Let s = -27 + 81. Calculate the greatest common divisor of c and s.
6
Suppose 93 = h + 44. Calculate the highest common divisor of h and 539.
49
Let g(k) = k**2 + k - 92. Let h be g(16). Let p be -1 + 1 + (-4)/(-2). Suppose -7*b = -p*b - 360. Calculate the greatest common factor of b and h.
36
Let y = -34 - -102. Let v be (-54)/(-8) - (-17)/y. What is the greatest common divisor of 49 and v?
7
Let v be (-10)/4*(-10304)/140. Let t = v - 112. Calculate the highest common divisor of 36 and t.
36
Suppose 4 = 2*c - 0*c. Suppose 2*t = -u + 107, 0 = -t - 5*u + 4*u + 51. Suppose 5*l - l + v = t, 0 = 3*v. What is the greatest common factor of c and l?
2
Let h be 12*((-4)/8*-258 + -2). What is the greatest common divisor of 24 and h?
12
Let i be (-4)/18*-33 - (-20)/(-60). What is the highest common divisor of 175 and i?
7
Let v = -6 + 0. Let s(j) = 2 - 18 + 8 + 3 - j + 8. Let b be s(v). Calculate the greatest common divisor of 72 and b.
9
Suppose -13*r = -27*r + 4214. Calculate the greatest common factor of 7 and r.
7
Suppose 50 = 2*s - 4. Let o(a) = a**2 + 21*a - 109. Let w be o(11). Calculate the greatest common divisor of s and w.
27
Let c(d) = -d - 2. Let a be c(-5). Suppose -v + 5*w = -33, 0 = 2*w + 13 - a. Calculate the greatest common factor of v and 8.
8
Suppose -1698 = -7*b - 74. Calculate the highest common divisor of b and 24.
8
Let d(w) = -85*w - 8. Let q be d(-1). What is the highest common factor of q and 49?
7
Let m = 1025 + -983. What is the highest common factor of m and 63?
21
Let h be 0 + -14*(-17 + -4). What is the highest common divisor of 84 and h?
42
Let q be (-200)/2*49/(-98). What is the highest common divisor of q and 120?
10
Let b = 81 + -19. Suppose -3*y - 2*y + 10 = 0, 2*p = 2*y + b. Calculate the highest common divisor of 297 and p.
33
Suppose 13*w - 715 = 8*w. Suppose -13*u = -611 + w. Calculate the highest common divisor of u and 396.
36
Suppose r - 176 = -2*i + 4*i, 841 = 5*r + 3*i. Suppose 0 = 5*s - 10, -4*v + 0*v + s - r = 0. Let m = -24 - v. Calculate the greatest common factor of m and 54.
18
Suppose -2*k + 0*k - 10 = 0, 0 = -5*y - 3*k + 435. Let o(v) = v**3 + 5*v**2 - v + 5. Let j be o(-5). What is the highest common factor of j and y?
10
Let j(f) = -f**2 - 13*f - 5. Let m be j(-12). Let q(x) = x - 3. Let n be q(m). Calculate the greatest common factor of n and 20.
4
Let m(q) = q**2 - 77*q + 294. Let v be m(74). Let c = 128 - 89. Let a = -21 + c. Calculate the greatest common divisor of v and a.
18
Let k(z) = 3*z**2 - 6*z. Let g = 52 + -59. Let o be k(g). What is the highest common divisor of 27 and o?
27
Let n = -167 + 335. Calculate the highest common divisor of n and 224.
56
Let o(s) = 11*s + 75. Let b be o(-6). Calculate the highest common divisor of b and 99.
9
Let n(h) = -h**2 + 6*h + 1. Let o be (0 + -1)/((-1)/5). Let c be n(o). Suppose 48*d - 36*d = 288. Calculate the greatest common divisor of c and d.
6
Suppose 5*r + 3*p = 32, 4*r + 23*p - 22*p - 34 = 0. Let m be 477/6 - 1/(-2). Calculate the highest common divisor of m and r.
10
Suppose -576 = -13*j + 4*j. Calculate the greatest common divisor of 160 and j.
32
Let y be (-2 - (6 + 3))*(2 - 4). Calculate the greatest common divisor of y and 385.
11
Suppose 5*o - 543 = -2*t + 1474, 0 = -o + 3*t + 417. Calculate the greatest common factor of o and 54.
27
Suppose -4*p = n - 6*n - 170, -3*n + 231 = 5*p. Let b = 148 + -71. Let u be ((-72)/14)/((-22)/b). What is the highest common divisor of p and u?
9
Suppose -3*h + 2*h + 3*v = -15, 1 = -h - v. Suppose 4*c - d = 38, -d = h*c + 4*d - 40. Calculate the greatest common divisor of c and 70.
10
Suppose -4*t - 4*u = u - 24, -2*u + 8 = 0. Let c be t/((-160)/55 - -3). What is the greatest common divisor of c and 1?
1
Let q(b) = -4*b + 89. Let i be q(20). What is the highest common factor of i and 306?
9
Suppose 4*g + 186 = 5*j, -14*j + 148 = -10*j - 3*g. What is the greatest common factor of 85 and j?
17
Suppose -2*v - 20 = 3*b - 395, -2*b = 3*v -